{"id":1737,"date":"2024-05-21T04:16:43","date_gmt":"2024-05-21T04:16:43","guid":{"rendered":"https:\/\/alejandroperezparedes.com\/?page_id=1737"},"modified":"2025-07-14T22:31:40","modified_gmt":"2025-07-14T22:31:40","slug":"cv","status":"publish","type":"page","link":"https:\/\/alejandroperezparedes.com\/index.php\/cv\/","title":{"rendered":"CV"},"content":{"rendered":"\n<p><a href=\"http:\/\/alejandroperezparedes.com\/wp-content\/uploads\/2025\/06\/CV_LITERARIO-1.pdf\" target=\"_blank\" rel=\"noreferrer noopener\">Clic aqu\u00ed para descargar mi <strong>CV Literario<\/strong> en espa\u00f1ol<\/a>.<br>Clic aqu\u00ed para descargar mi <strong>CV Acad\u00e9mico<\/strong> en espa\u00f1ol.<br>Cliquez ici pour t\u00e9l\u00e9chargher mon <strong>CV Acad\u00e9mique<\/strong> en fran\u00e7ais.<\/p>\n\n\n\n<p><\/p>\n","protected":false},"excerpt":{"rendered":"<p>Clic aqu\u00ed para descargar mi CV Literario en espa\u00f1ol.Clic aqu\u00ed para descargar mi CV Acad\u00e9mico en espa\u00f1ol.Cliquez ici pour t\u00e9l\u00e9chargher mon CV Acad\u00e9mique en fran\u00e7ais.<\/p>\n","protected":false},"author":1,"featured_media":0,"parent":0,"menu_order":0,"comment_status":"closed","ping_status":"closed","template":"","meta":{"_uag_custom_page_level_css":"","footnotes":""},"uagb_featured_image_src":{"full":false,"thumbnail":false,"medium":false,"medium_large":false,"large":false,"1536x1536":false,"2048x2048":false},"uagb_author_info":{"display_name":"alexpparedesm@gmail.com","author_link":"https:\/\/alejandroperezparedes.com\/index.php\/author\/alexpparedesmgmail-com\/"},"uagb_comment_info":0,"uagb_excerpt":"Clic aqu\u00ed para descargar mi CV Literario en espa\u00f1ol.Clic aqu\u00ed para descargar mi CV Acad\u00e9mico en espa\u00f1ol.Cliquez ici pour t\u00e9l\u00e9chargher mon CV Acad\u00e9mique en fran\u00e7ais.","_links":{"self":[{"href":"https:\/\/alejandroperezparedes.com\/index.php\/wp-json\/wp\/v2\/pages\/1737"}],"collection":[{"href":"https:\/\/alejandroperezparedes.com\/index.php\/wp-json\/wp\/v2\/pages"}],"about":[{"href":"https:\/\/alejandroperezparedes.com\/index.php\/wp-json\/wp\/v2\/types\/page"}],"author":[{"embeddable":true,"href":"https:\/\/alejandroperezparedes.com\/index.php\/wp-json\/wp\/v2\/users\/1"}],"replies":[{"embeddable":true,"href":"https:\/\/alejandroperezparedes.com\/index.php\/wp-json\/wp\/v2\/comments?post=1737"}],"version-history":[{"count":10,"href":"https:\/\/alejandroperezparedes.com\/index.php\/wp-json\/wp\/v2\/pages\/1737\/revisions"}],"predecessor-version":[{"id":2303,"href":"https:\/\/alejandroperezparedes.com\/index.php\/wp-json\/wp\/v2\/pages\/1737\/revisions\/2303"}],"wp:attachment":[{"href":"https:\/\/alejandroperezparedes.com\/index.php\/wp-json\/wp\/v2\/media?parent=1737"}],"curies":[{"name":"wp","href":"https:\/\/api.w.org\/{rel}","templated":true}]}}